{"id":20,"date":"2023-05-02T14:59:31","date_gmt":"2023-05-02T17:59:31","guid":{"rendered":"https:\/\/tipotemporarioblogs.com.br\/stxembalagens\/blog\/?page_id=20"},"modified":"2026-04-13T14:25:30","modified_gmt":"2026-04-13T17:25:30","slug":"home","status":"publish","type":"page","link":"https:\/\/www.acrocabo.com.br\/blog\/","title":{"rendered":"Home"},"content":{"rendered":"\n<h1>\n\t\tBlog Acro\n\t<\/h1>\n\t<p>Informa\u00e7\u00f5es para os especialistas em Cabos de A\u00e7o<\/p>\n\t\t\t<a href=\"https:\/\/www.acrocabo.com.br\/blog\/category\/acro-na-midia\/\" target=\"_self\" role=\"button\">\n\t\t\t\t\t\t\tAcro na M\u00eddia\n\t\t\t\t\t<\/a>\n\t\t\t<a href=\"https:\/\/www.acrocabo.com.br\/blog\/category\/cabos-de-aco\/\" target=\"_self\" role=\"button\">\n\t\t\t\t\t\t\tCabos de A\u00e7o\n\t\t\t\t\t<\/a>\n\t\t\t<a href=\"https:\/\/www.acrocabo.com.br\/blog\/category\/movimentacao-cargas\/\" target=\"_self\" role=\"button\">\n\t\t\t\t\t\t\tMovimenta\u00e7\u00e3o de Cargas\n\t\t\t\t\t<\/a>\n\t\t\t<a href=\"https:\/\/www.acrocabo.com.br\/blog\/category\/elevacao-cargas\/\" target=\"_self\" role=\"button\">\n\t\t\t\t\t\t\tEleva\u00e7\u00e3o de Cargas\n\t\t\t\t\t<\/a>\n\t\t\t<a href=\"https:\/\/www.acrocabo.com.br\/blog\/category\/amarracao-cargas\/\" target=\"_self\" role=\"button\">\n\t\t\t\t\t\t\tAmarra\u00e7\u00e3o de Cargas\n\t\t\t\t\t<\/a>\n\t\t\t<a href=\"https:\/\/www.acrocabo.com.br\/blog\/category\/acessorios\/\" target=\"_self\" role=\"button\">\n\t\t\t\t\t\t\tAcess\u00f3rios\n\t\t\t\t\t<\/a>\n<h3>\n\t\tTodas as publica\u00e7\u00f5es\n\t<\/h3>\n\t<h3>Deseja receber not\u00edcias e novidades em primeira m\u00e3o?<\/h3>\n\n","protected":false},"excerpt":{"rendered":"<p>Blog Acro Informa\u00e7\u00f5es para os especialistas em Cabos de A\u00e7o Acro na M\u00eddia Cabos de A\u00e7o Movimenta\u00e7\u00e3o de Cargas Eleva\u00e7\u00e3o de Cargas Amarra\u00e7\u00e3o de Cargas Acess\u00f3rios Todas as publica\u00e7\u00f5es Deseja receber not\u00edcias e novidades em primeira m\u00e3o?<\/p>\n","protected":false},"author":1,"featured_media":0,"parent":0,"menu_order":0,"comment_status":"closed","ping_status":"closed","template":"","meta":{"_kad_post_transparent":"","_kad_post_title":"","_kad_post_layout":"","_kad_post_sidebar_id":"","_kad_post_content_style":"","_kad_post_vertical_padding":"","_kad_post_feature":"","_kad_post_feature_position":"","_kad_post_header":false,"_kad_post_footer":false,"_kad_post_classname":"","footnotes":""},"class_list":["post-20","page","type-page","status-publish","hentry"],"_links":{"self":[{"href":"https:\/\/www.acrocabo.com.br\/blog\/wp-json\/wp\/v2\/pages\/20","targetHints":{"allow":["GET"]}}],"collection":[{"href":"https:\/\/www.acrocabo.com.br\/blog\/wp-json\/wp\/v2\/pages"}],"about":[{"href":"https:\/\/www.acrocabo.com.br\/blog\/wp-json\/wp\/v2\/types\/page"}],"author":[{"embeddable":true,"href":"https:\/\/www.acrocabo.com.br\/blog\/wp-json\/wp\/v2\/users\/1"}],"replies":[{"embeddable":true,"href":"https:\/\/www.acrocabo.com.br\/blog\/wp-json\/wp\/v2\/comments?post=20"}],"version-history":[{"count":40,"href":"https:\/\/www.acrocabo.com.br\/blog\/wp-json\/wp\/v2\/pages\/20\/revisions"}],"predecessor-version":[{"id":2271,"href":"https:\/\/www.acrocabo.com.br\/blog\/wp-json\/wp\/v2\/pages\/20\/revisions\/2271"}],"wp:attachment":[{"href":"https:\/\/www.acrocabo.com.br\/blog\/wp-json\/wp\/v2\/media?parent=20"}],"curies":[{"name":"wp","href":"https:\/\/api.w.org\/{rel}","templated":true}]}}